{"id":2778,"date":"2019-03-28T05:44:38","date_gmt":"2019-03-28T04:44:38","guid":{"rendered":"http:\/\/www.partizanska.net\/?page_id=2778"},"modified":"2019-03-28T06:21:40","modified_gmt":"2019-03-28T05:21:40","slug":"kotlovnica","status":"publish","type":"page","link":"https:\/\/www.partizanska.net\/?page_id=2778","title":{"rendered":"KOTLOVNICA"},"content":{"rendered":"<div class=\"pdfprnt-buttons pdfprnt-buttons-page pdfprnt-top-right\"><a href=\"https:\/\/www.partizanska.net\/index.php?rest_route=%2Fwp%2Fv2%2Fpages%2F2778&print=pdf\" class=\"pdfprnt-button pdfprnt-button-pdf\" target=\"_blank\"><img decoding=\"async\" src=\"http:\/\/www.partizanska.net\/wp-content\/plugins\/pdf-print\/images\/pdf.png\" alt=\"image_pdf\" title=\"View PDF\" \/><span class=\"pdfprnt-button-title pdfprnt-button-pdf-title\">Shrani kot PDF<\/span><\/a><a href=\"https:\/\/www.partizanska.net\/index.php?rest_route=%2Fwp%2Fv2%2Fpages%2F2778&print=print\" class=\"pdfprnt-button pdfprnt-button-print\" target=\"_blank\"><img decoding=\"async\" src=\"http:\/\/www.partizanska.net\/wp-content\/plugins\/pdf-print\/images\/print.png\" alt=\"image_print\" title=\"Print Content\" \/><span class=\"pdfprnt-button-title pdfprnt-button-print-title\">Natisni<\/span><\/a><\/div>\n<p>Na tej strani so zbrane razne informacije o delovanju na\u0161e kotlovnice, porabi in stro\u0161kih. <\/p>\n\n\n\n<p>Nekatere vsebine so za\u0161\u010ditene z geslom. Gesla dobite pri \u010dlanih nadzornega odbora. <\/p>\n\n\n\n<table id=\"tablepress-13\" class=\"tablepress tablepress-id-13\">\n<thead>\n<tr class=\"row-1\">\n\t<th class=\"column-1\"><strong>Povezava<\/strong><\/th><th class=\"column-2\"><strong>Dostop<\/strong><\/th>\n<\/tr>\n<\/thead>\n<tbody class=\"row-striping row-hover\">\n<tr class=\"row-2\">\n\t<td class=\"column-1\"><a href=\"http:\/\/www.partizanska.net\/?page_id=1932\">Splo\u0161ne informacije o kotlovnici in razni napotki<\/a><\/td><td class=\"column-2\">Javno dostopno<\/td>\n<\/tr>\n<tr class=\"row-3\">\n\t<td class=\"column-1\"><a href=\"http:\/\/www.partizanska.net\/?page_id=2804\">Poraba energentov v skupni kotlovnici<\/a><\/td><td class=\"column-2\">Dostopno z geslom<\/td>\n<\/tr>\n<tr class=\"row-4\">\n\t<td class=\"column-1\"><\/td><td class=\"column-2\"><\/td>\n<\/tr>\n<tr class=\"row-5\">\n\t<td class=\"column-1\"><\/td><td class=\"column-2\"><\/td>\n<\/tr>\n<\/tbody>\n<\/table>\n<!-- #tablepress-13 from cache -->\n","protected":false},"excerpt":{"rendered":"<p> Na tej strani so zbrane razne informacije o delovanju na\u0161e kotlovnice, porabi in stro\u0161kih. Nekatere vsebine so za\u0161\u010ditene z geslom. Gesla dobite&hellip;<\/p>\n","protected":false},"author":1,"featured_media":0,"parent":0,"menu_order":6,"comment_status":"closed","ping_status":"closed","template":"","meta":{"ngg_post_thumbnail":0,"footnotes":""},"class_list":["post-2778","page","type-page","status-publish","hentry"],"jetpack_sharing_enabled":true,"_links":{"self":[{"href":"https:\/\/www.partizanska.net\/index.php?rest_route=\/wp\/v2\/pages\/2778","targetHints":{"allow":["GET"]}}],"collection":[{"href":"https:\/\/www.partizanska.net\/index.php?rest_route=\/wp\/v2\/pages"}],"about":[{"href":"https:\/\/www.partizanska.net\/index.php?rest_route=\/wp\/v2\/types\/page"}],"author":[{"embeddable":true,"href":"https:\/\/www.partizanska.net\/index.php?rest_route=\/wp\/v2\/users\/1"}],"replies":[{"embeddable":true,"href":"https:\/\/www.partizanska.net\/index.php?rest_route=%2Fwp%2Fv2%2Fcomments&post=2778"}],"version-history":[{"count":4,"href":"https:\/\/www.partizanska.net\/index.php?rest_route=\/wp\/v2\/pages\/2778\/revisions"}],"predecessor-version":[{"id":2800,"href":"https:\/\/www.partizanska.net\/index.php?rest_route=\/wp\/v2\/pages\/2778\/revisions\/2800"}],"wp:attachment":[{"href":"https:\/\/www.partizanska.net\/index.php?rest_route=%2Fwp%2Fv2%2Fmedia&parent=2778"}],"curies":[{"name":"wp","href":"https:\/\/api.w.org\/{rel}","templated":true}]}}