{"id":7,"date":"2011-11-29T20:55:27","date_gmt":"2011-11-29T18:55:27","guid":{"rendered":"http:\/\/partizanska.net\/?page_id=4"},"modified":"2019-04-21T08:57:42","modified_gmt":"2019-04-21T06:57:42","slug":"kurilni-odbor","status":"publish","type":"page","link":"https:\/\/www.partizanska.net\/?page_id=7","title":{"rendered":"KNO"},"content":{"rendered":"<div class=\"pdfprnt-buttons pdfprnt-buttons-page pdfprnt-top-right\"><a href=\"https:\/\/www.partizanska.net\/index.php?rest_route=%2Fwp%2Fv2%2Fpages%2F7&print=pdf\" class=\"pdfprnt-button pdfprnt-button-pdf\" target=\"_blank\"><img decoding=\"async\" src=\"http:\/\/www.partizanska.net\/wp-content\/plugins\/pdf-print\/images\/pdf.png\" alt=\"image_pdf\" title=\"View PDF\" \/><span class=\"pdfprnt-button-title pdfprnt-button-pdf-title\">Shrani kot PDF<\/span><\/a><a href=\"https:\/\/www.partizanska.net\/index.php?rest_route=%2Fwp%2Fv2%2Fpages%2F7&print=print\" class=\"pdfprnt-button pdfprnt-button-print\" target=\"_blank\"><img decoding=\"async\" src=\"http:\/\/www.partizanska.net\/wp-content\/plugins\/pdf-print\/images\/print.png\" alt=\"image_print\" title=\"Print Content\" \/><span class=\"pdfprnt-button-title pdfprnt-button-print-title\">Natisni<\/span><\/a><\/div><p>Kurilni odbor je v naselju za\u017eivel v letu 2008. V Koordinacijo nadzornih odborov se je preimenoval leta 2015.<\/p>\n<p>\u010clani KNO:<\/p>\n\n<table id=\"tablepress-1\" class=\"tablepress tablepress-id-1\">\n<thead>\n<tr class=\"row-1\">\n\t<th class=\"column-1\">Zgradba<\/th><th class=\"column-2\">Ime in priimek<\/th><th class=\"column-3\">E-po\u0161ta<\/th><th class=\"column-4\">Telefon\/GSM<\/th>\n<\/tr>\n<\/thead>\n<tbody class=\"row-striping row-hover\">\n<tr class=\"row-2\">\n\t<td class=\"column-1\">Partizanska cesta 44<\/td><td class=\"column-2\">Mohor Lotri\u010d<\/td><td class=\"column-3\">mohor.lotric1@gmail.com<\/td><td class=\"column-4\">+386 51 618 360<\/td>\n<\/tr>\n<tr class=\"row-3\">\n\t<td class=\"column-1\">Partizanska cesta 45<\/td><td class=\"column-2\">Ljiljana Grbanovi\u0107 Lje\u0161evi\u0107<br \/>\n- predsednica NO<\/td><td class=\"column-3\">desertrose.lilly@rocketmail.com<\/td><td class=\"column-4\">+386 40 794 949<\/td>\n<\/tr>\n<tr class=\"row-4\">\n\t<td class=\"column-1\"><\/td><td class=\"column-2\">Nace Pr\u0161a<\/td><td class=\"column-3\">nace.prsa@siol.net<\/td><td class=\"column-4\">+386 41 931 373<\/td>\n<\/tr>\n<tr class=\"row-5\">\n\t<td class=\"column-1\">Partizanska cesta 46<\/td><td class=\"column-2\">Jure Kumer<\/td><td class=\"column-3\">jure.kumer@gmail.com<\/td><td class=\"column-4\">+386 51 417 894<\/td>\n<\/tr>\n<tr class=\"row-6\">\n\t<td class=\"column-1\"><\/td><td class=\"column-2\">Rudi Grabrovec<\/td><td class=\"column-3\">rudi.grabrovec@gmail.com<\/td><td class=\"column-4\">+386 40 893 048<\/td>\n<\/tr>\n<tr class=\"row-7\">\n\t<td class=\"column-1\">Partizanska cesta 47<\/td><td class=\"column-2\">Karel Vrenko<\/td><td class=\"column-3\">karel.vrenko@telemach.net<\/td><td class=\"column-4\">+386 4 512 12 47<br \/>\n+386 31 891 522<\/td>\n<\/tr>\n<\/tbody>\n<\/table>\n<!-- #tablepress-1 from cache -->\n<p>Nekatere spodnje podstrani so za\u0161\u010ditene z geslom. Gesla dobite pri \u010dlanih KNO.<br \/>\n\n<table id=\"tablepress-10\" class=\"tablepress tablepress-id-10\">\n<thead>\n<tr class=\"row-1\">\n\t<th class=\"column-1\"><strong>Povezava<\/strong><\/th><th class=\"column-2\"><strong>Dostop<\/strong><\/th>\n<\/tr>\n<\/thead>\n<tbody class=\"row-striping row-hover\">\n<tr class=\"row-2\">\n\t<td class=\"column-1\"><a href=\"http:\/\/www.partizanska.net\/?page_id=15\">Povezava na zapisnike sestankov KNO<\/a><\/td><td class=\"column-2\">Za\u0161\u010diteno z geslom<\/td>\n<\/tr>\n<tr class=\"row-3\">\n\t<td class=\"column-1\"><a href=\"http:\/\/www.partizanska.net\/?page_id=630\">Razna dokumentacija<\/a><\/td><td class=\"column-2\">Za\u0161\u010diteno z geslom<\/td>\n<\/tr>\n<tr class=\"row-4\">\n\t<td class=\"column-1\"><a href=\"http:\/\/www.partizanska.net\/?page_id=91\">Uporabne povezave<\/a><\/td><td class=\"column-2\">Javno dostopno<\/td>\n<\/tr>\n<\/tbody>\n<\/table>\n<!-- #tablepress-10 from cache --><\/p>\n","protected":false},"excerpt":{"rendered":"<p>Kurilni odbor je v naselju za\u017eivel v letu 2008. V Koordinacijo nadzornih odborov se je preimenoval leta 2015. \u010clani KNO: Nekatere spodnje podstrani&hellip;<\/p>\n","protected":false},"author":1,"featured_media":0,"parent":0,"menu_order":5,"comment_status":"closed","ping_status":"open","template":"","meta":{"ngg_post_thumbnail":0,"footnotes":""},"class_list":["post-7","page","type-page","status-publish","hentry"],"jetpack_sharing_enabled":true,"_links":{"self":[{"href":"https:\/\/www.partizanska.net\/index.php?rest_route=\/wp\/v2\/pages\/7","targetHints":{"allow":["GET"]}}],"collection":[{"href":"https:\/\/www.partizanska.net\/index.php?rest_route=\/wp\/v2\/pages"}],"about":[{"href":"https:\/\/www.partizanska.net\/index.php?rest_route=\/wp\/v2\/types\/page"}],"author":[{"embeddable":true,"href":"https:\/\/www.partizanska.net\/index.php?rest_route=\/wp\/v2\/users\/1"}],"replies":[{"embeddable":true,"href":"https:\/\/www.partizanska.net\/index.php?rest_route=%2Fwp%2Fv2%2Fcomments&post=7"}],"version-history":[{"count":28,"href":"https:\/\/www.partizanska.net\/index.php?rest_route=\/wp\/v2\/pages\/7\/revisions"}],"predecessor-version":[{"id":2830,"href":"https:\/\/www.partizanska.net\/index.php?rest_route=\/wp\/v2\/pages\/7\/revisions\/2830"}],"wp:attachment":[{"href":"https:\/\/www.partizanska.net\/index.php?rest_route=%2Fwp%2Fv2%2Fmedia&parent=7"}],"curies":[{"name":"wp","href":"https:\/\/api.w.org\/{rel}","templated":true}]}}